 17567. What is y(-254)?
-213
Let w(f) = -6*f**2 + 1039*f + 2128. Give w(175).
203
Let d(m) = 445*m - 2995. Calculate d(8).
565
Let u(p) = p**3 - 620*p**2 + 80476*p - 430. What is u(435)?
5
Let f(w) = -98*w**2 - 1164*w + 277. Give f(-12).
133
Let k(m) = -m**2 - 14610*m + 219202. Calculate k(15).
-173
Let b(q) = -4*q**3 - 31*q**2 + 42*q - 44. Calculate b(-9).
-17
Let r(y) = -46*y**2 - 6712*y - 13238. Give r(-2).
2
Let w(m) = -m**2 + 328*m - 20482. Determine w(84).
14
Let i(k) = k**3 - 24*k**2 + 60*k - 167. What is i(22)?
185
Let x(q) = -10*q**2 - 4389*q - 110814. Determine x(-412).
14
Let s(m) = 18*m**3 - 420*m**2 + 136*m + 56. What is s(23)?
10
Let k(t) = -2*t**3 + 13*t**2 - 379*t + 2240. Determine k(6).
2
Let j(z) = -2686*z**2 - 18799*z + 8. Give j(-7).
-13
Let w(g) = 98*g + 16118. What is w(-179)?
-1424
Let y(j) = -54*j**2 - 31608*j + 126425. Determine y(4).
-871
Let u(y) = y**3 + 106*y**2 + 277*y + 53317. Calculate u(-108).
73
Let v(a) = 12*a + 567. Give v(-55).
-93
Let i(z) = 2642*z - 34359. Calculate i(13).
-13
Let y(b) = -566372*b - 2831880. What is y(-5)?
-20
Let g(p) = -2419*p - 152404. Give g(-63).
-7
Let q(x) = 770*x + 46876. Determine q(-62).
-864
Let q(o) = 48*o**2 + 2672*o + 21341. Determine q(-46).
-3
Let y(c) = 72*c**2 - 345*c + 267. Determine y(1).
-6
Let h(z) = 585180*z - 23. What is h(0)?
-23
Let f(i) = -6965*i - 13998. Determine f(-2).
-68
Let t(v) = 104*v + 3944. Calculate t(-34).
408
Let r(f) = -3*f**3 + 273*f**2 - 17*f + 1600. What is r(91)?
53
Let h(q) = -3459*q - 51891. Give h(-15).
-6
Let f(q) = 14*q**3 - 13*q**2 - 15*q + 71. Give f(-4).
-973
Let u(g) = -1715439*g + 8577213. Calculate u(5).
18
Let s(d) = -2*d**2 - 2712*d - 918001. Determine s(-704).
15
Let k(d) = 23*d**3 - 668*d**2 - 77*d + 3078. Give k(29).
4
Let l(m) = 55231*m + 110100. What is l(-2)?
-362
Let t(w) = -3*w**2 + 6041*w - 2018584. Determine t(423).
-28
Let v(q) = 27580*q + 27563. What is v(-1)?
-17
Let f(j) = -6*j**2 + 222*j - 387. Give f(36).
-171
Let z(p) = -p**3 + 3*p**2 - 11*p + 71. Calculate z(4).
11
Let l(a) = -2*a**2 - 1838*a - 3689. Calculate l(-2).
-21
Let g(z) = 8*z**2 - 1354*z - 42445. Give g(-27).
-55
Let l(q) = q**3 - 134*q**2 - 476*q + 27742. Give l(136).
-2
Let q(j) = -241*j - 17269. Give q(-70).
-399
Let o(k) = 586*k + 1929. What is o(-2)?
757
Let v(p) = -10*p**2 + 5205*p + 80370. Determine v(-15).
45
Let v(l) = -14*l**2 - 23533*l + 23539. Calculate v(1).
-8
Let w(h) = -940*h - 12158. What is w(-13)?
62
Let v(h) = 53*h**2 - 12448*h - 1629. What is v(235)?
16
Let r(q) = -5*q + 1211. Calculate r(224).
91
Let o(g) = -7*g**2 + 669*g - 8260. Give o(81).
2
Let a(t) = -157056*t + 2198776. Give a(14).
-8
Let b(t) = 4*t**3 - 34*t**2 + 925*t - 4130. Calculate b(5).
145
Let h(u) = -11128*u + 100564. Give h(9).
412
Let v(q) = -q**3 + 90*q**2 - 231*q - 551. Determine v(87).
2059
Let h(k) = -6*k**3 + 995*k**2 - 4648*k - 3350. Give h(161).
31
Let i(h) = -h**3 + 3*h**2 - 7*h + 134. Determine i(0).
134
Let d(n) = -11*n**2 + 6180*n - 276414. Give d(49).
-5
Let w(c) = 9*c**3 + 21*c**2 - 19*c - 4. Give w(-3).
-1
Let r(w) = -1815*w + 42361. Calculate r(23).
616
Let q(u) = u**2 - 89855*u + 179705. Determine q(2).
-1
Let n(x) = -65*x**2 + 2772*x - 28136. Calculate n(26).
-4
Let a(t) = 55*t**2 + 4735*t + 427. Calculate a(-86).
-3
Let o(a) = 2*a**3 + 703*a**2 - 9476*a + 54. Calculate o(13).
67
Let u(t) = -572*t - 23412. What is u(-34)?
-3964
Let c(p) = -2*p**3 - 780*p**2 + 6395*p + 10741. What is c(-398)?
-5
Let y(u) = -7*u**2 + 1233*u - 12397. Give y(165).
473
Let r(z) = -6781*z - 122071. Determine r(-18).
-13
Let x(f) = f**3 + 3*f**2 + 352*f - 1125. What is x(3)?
-15
Let y(n) = -1790*n - 1807906. Determine y(-1010).
-6
Let g(j) = j**3 - 36*j**2 - 425*j + 14342. Give g(37).
-14
Let z(j) = 24*j**2 - 876*j + 2646. Give z(3).
234
Let s(k) = -310*k**2 + 2471*k + 17. Give s(8).
-55
Let j(c) = -c**3 + 1227*c**2 + 37713*c + 92. Give j(-30).
2
Let b(c) = c**3 - 92*c**2 - 876*c + 80584. Determine b(92).
-8
Let y(j) = 9*j**3 - 621*j**2 - 640*j + 243. What is y(70)?
-457
Let f(u) = 1296*u + 278625. What is f(-215)?
-15
Let b(k) = -68960*k + 3516936. Determine b(51).
-24
Let c(k) = 18*k**3 - 1060*k**2 - 141*k + 1378. Calculate c(59).
21
Let w(r) = -r**3 + 26*r**2 - 137*r + 754. What is w(21)?
82
Let d(o) = -o**3 + 124*o**2 - 697*o + 40324. Calculate d(121).
-90
Let q(l) = 6*l**2 - 421*l + 2514. Calculate q(64).
146
Let m(x) = 111*x**3 - 656*x**2 - 80*x + 119. Give m(6).
-1
Let w(d) = 1890*d + 47303. Determine w(-25).
53
Let r(q) = -4*q**3 - 269*q**2 - 577*q - 34173. Calculate r(-67).
-3
Let m(s) = -s**3 + 62*s**2 - 933*s - 257. Determine m(27).
67
Let q(r) = -285*r + 63. Calculate q(5).
-1362
Let n(m) = m**3 - 69*m**2 + 201*m - 67. Determine n(66).
131
Let r(o) = -36*o**2 - 3376*o + 702. Calculate r(-94).
-50
Let d(q) = -11*q**2 - 2258*q - 4479. Determine d(-2).
-7
Let m(l) = -8*l**3 - 317*l**2 - 196*l - 24. What is m(-39)?
15
Let c(h) = -h**3 + 6*h**2 + 87*h + 171. Determine c(-2).
29
Let h(t) = -t**3 + 246*t**2 - 10851*t + 2814045. Give h(248).
-11
Let w(f) = 15*f**3 - 19*f**2 - 283*f - 1930. What is w(-7)?
-6025
Let n(w) = 75*w + 2669. Determine n(-31).
344
Let v(m) = -m**2 + 13061*m + 130703. Give v(-10).
-7
Let g(z) = -542*z - 2829. What is g(-8)?
1507
Let d(j) = j**3 - 318*j**2 + 975*j - 5. Give d(3).
85
Let w(j) = -j**2 + 1534*j + 71039. Calculate w(-44).
1607
Let p(a) = a**3 - 12*a**2 - 13952*a + 83933. Determine p(6).
5
Let z(f) = 9*f**3 - f**2 + 8*f + 7. Give z(2).
91
Let t(i) = 131*i**3 + 14*i**2 - 11*i - 23. Determine t(2).
1059
Let z(u) = 4*u**2 + 5095*u - 110082. Calculate z(-1295).
-7
Let z(p) = 46671*p + 1026768. What is z(-22)?
6
Let n(f) = -f**3 - 610*f**2 - 3629*f - 17. What is n(-6)?
13
Let x(r) = -21844*r - 327294. Determine x(-15).
366
Let y(h) = h**2 + 1562*h + 108699. Determine y(-73).
2
Let h(v) = 68*v**2 - 790*v - 2421. Determine h(-3).
561
Let k(n) = -3347*n + 56630. Determine k(17).
-269
Let g(v) = -10170*v + 30452. What is g(3)?
-58
Let f(c) = -583*c + 317643. Determine f(545).
-92
Let u(y) = 139*y**2 - 5*y - 93. Calculate u(-4).
2151
Let z(w) = -w**2 - 19891*w - 258559. Determine z(-13).
-145
Let o(c) = -24*c**2 - 525*c + 7. Calculate o(-17).
1996
Let q(b) = 6*b**2 - 1535*b - 19170. What is q(-12)?
114
Let i(j) = 2*j**2 - 245*j - 1992. Calculate i(-8).
96
Let o(w) = w**3 - 139*w**2 + 4536*w + 1906. What is o(86)?
14
Let o(g) = -4608*g + 92154. Calculate o(20).
-6
Let v(r) = -26819*r - 134107. What is v(-5)?
-12
Let p(y) = -3405*y - 5038. What is p(-1)?
-1633
Let h(n) = n**3 - 12*n**2 - 7894*n + 31695. What is h(4)?
-9
Let a(d) = -3*d**2 + 103*d - 1080. Give a(12).
-276
Let r(j) = 6*j**3 + 22*j**2 - 972*j + 67. Give r(11).
23
Let y(a) = -34*a**3 - 7786*a**2 + 3*a + 680. Calculate y(-229).
-7
Let l(f) = 2196*f + 4327. What is l(-2)?
-65
Let a(f) = -f**3 - 4*f**2 - 36*f - 237. Determine a(-8).
307
Let c(b) = -2*b**3 - 5*b**2 + 330*b + 234. What is c(-14)?
122
Let u(b) = 198*b - 2029. What is u(11)?
149
Let h(i) = 11*i**2 + 431*i + 177. What is h(-41)?
997
Let j(i) = -i**3 - 36*i**2 - 90*i + 128. What is j(-34)?
876
Let r(j) = -j**3 + 443*j**2 + 620*j - 78169. What is r(444)?
-25
Let a(k) = -7*k**3 + 64*k**2 + 50*k - 1. Determine a(10).
-101
Let w(h) = -4*h**3 + 4085*h**2 + 48540*h + 11373. Determine w(1033).
10
Let l(x) = -x**3 + 368*x**2 - 2551*x + 8629. What is l(361)?
-35
Let o(t) = t**2 - 873*t + 15359. Determine o(18).
-31
Let u(m) = -3*m**3 + 92*m**2 + 32*m - 3164. Give u(30).
-404
Let n(c) = c**3 + 34*c**2 - 82*c - 1052. Determine n(-36).
-692
Let n(l) = -188*l + 50634. Calculate n(265).
814
Let j(b) = -5*b**3 + 8*b**2 + 10*b - 1. Calculate j(-2).
51
Let o(u) = u**3 - 32*u**2 - 74*u - 144. What is o(35)?
941
Let p(v) = 5*v**3 - 171*v**2 + 23*v + 167. Give p(34).
-207
Let k(p) = 8192*p + 155668. Give k(-19).
20
Let d(b) = 234681*b - 1173402. Calculate d(5).
3
Let r(i) = i**3 + 231*i**2 - 3427*i + 1120. Give r(-245).
385
Let q(l) = 657*l - 9126. Give q(14).
72
Let i(u) = 7*u**2 + 20959*u + 104727. Calculate i(-5).
107
Let t(i) = -i**2 - 119*i - 2752. Give t(-71).
656
Let z(q) = 38*q**2 - 399*q - 21. Calculate z(7).
-952
Let b(c) = -2018*c + 419. What is b(-1)?
2437
Let s(y) = 278126*y - 1390613. Determine s(5).
17
Let t(y) = y**2 + 3064